 prime factors of 3536996604?
2, 3, 19, 15513143
List the prime factors of 51152738.
2, 7, 13, 53, 5303
List the prime factors of 15125531.
1049, 14419
List the prime factors of 304338133.
11, 43, 643421
What are the prime factors of 8985331?
29, 83, 3733
List the prime factors of 791760410.
2, 5, 7, 37, 107, 2857
What are the prime factors of 911512972?
2, 83, 2745521
List the prime factors of 75088560.
2, 3, 5, 23, 61, 223
What are the prime factors of 878732069?
47, 18696427
What are the prime factors of 1506803412?
2, 3, 125566951
List the prime factors of 395623897.
23, 17201039
List the prime factors of 30281925.
3, 5, 61, 6619
What are the prime factors of 331366200?
2, 3, 5, 11, 50207
What are the prime factors of 470230270?
2, 5, 47023027
What are the prime factors of 341854668?
2, 3, 29, 36383
What are the prime factors of 13435492?
2, 7, 479839
List the prime factors of 1043307255.
3, 5, 17, 23, 177887
What are the prime factors of 232070999?
311, 746209
What are the prime factors of 42260618?
2, 457, 46237
List the prime factors of 15245529.
3, 13, 331, 1181
List the prime factors of 555530833.
11, 13, 3884831
What are the prime factors of 88683335?
5, 13, 1364359
What are the prime factors of 220897949?
17, 241, 53917
What are the prime factors of 100782408?
2, 3, 149, 28183
List the prime factors of 533892136.
2, 509, 131113
List the prime factors of 1596326837.
7, 29, 7863679
List the prime factors of 845082654.
2, 3, 13, 47, 61, 3779
List the prime factors of 3112740765.
3, 5, 23, 1002493
List the prime factors of 33648469.
33648469
What are the prime factors of 109128929?
7, 13, 171317
What are the prime factors of 2810754775?
5, 112430191
List the prime factors of 59328888.
2, 3, 2472037
List the prime factors of 40880788.
2, 13, 43, 47, 389
List the prime factors of 56171952.
2, 3, 390083
What are the prime factors of 300133569?
3, 167, 599069
List the prime factors of 43726694.
2, 11, 1987577
List the prime factors of 50878167.
3, 16959389
List the prime factors of 1914737162.
2, 13, 73643737
What are the prime factors of 7209190?
2, 5, 17, 42407
List the prime factors of 220105282.
2, 59, 1865299
What are the prime factors of 79448245?
5, 1481, 10729
What are the prime factors of 190905035?
5, 38181007
What are the prime factors of 113383847?
5179, 21893
What are the prime factors of 26206959?
3, 23, 379811
List the prime factors of 59580915.
3, 5, 31, 37, 3463
What are the prime factors of 8788909?
8788909
What are the prime factors of 61847288?
2, 7730911
What are the prime factors of 1485212?
2, 371303
List the prime factors of 286959649.
53, 1933, 2801
List the prime factors of 212609883.
3, 293, 241877
List the prime factors of 22926290.
2, 5, 347, 6607
List the prime factors of 912800314.
2, 456400157
List the prime factors of 341429158.
2, 7, 23, 151477
List the prime factors of 152012104.
2, 3491, 5443
List the prime factors of 330685052.
2, 1723, 47981
What are the prime factors of 258007551?
3, 53, 197, 8237
List the prime factors of 34816080.
2, 3, 5, 13, 11159
List the prime factors of 118751852.
2, 23, 79, 16339
What are the prime factors of 131021164?
2, 677, 48383
List the prime factors of 554016690.
2, 3, 5, 2039, 3019
What are the prime factors of 521969128?
2, 67, 973823
List the prime factors of 52430995.
5, 307, 34157
What are the prime factors of 4991239141?
7, 4621, 154303
What are the prime factors of 157310910?
2, 3, 5, 7193
What are the prime factors of 1266647166?
2, 3, 31, 601, 1259
What are the prime factors of 120787840?
2, 5, 79, 2389
What are the prime factors of 4524625?
5, 7, 5171
What are the prime factors of 1158820301?
163, 7109327
List the prime factors of 5943220288.
2, 71, 1307927
What are the prime factors of 11413290?
2, 3, 5, 7, 17, 23, 139
What are the prime factors of 2435594402?
2, 1217797201
What are the prime factors of 596045520?
2, 3, 5, 7, 79, 499
What are the prime factors of 345007023?
3, 281, 409261
What are the prime factors of 49087806?
2, 3, 17, 28309
What are the prime factors of 17717991?
3, 313, 18869
List the prime factors of 83540893.
67, 1246879
What are the prime factors of 100829766?
2, 3, 139, 120899
List the prime factors of 364380049.
11, 47, 704797
List the prime factors of 27222996.
2, 3, 29, 137, 571
What are the prime factors of 611389516?
2, 152847379
What are the prime factors of 5556955937?
13, 17, 457, 55021
List the prime factors of 76821936.
2, 3, 61, 26237
What are the prime factors of 747966583?
7, 13, 541, 15193
What are the prime factors of 58277505?
3, 5, 11, 13, 101, 269
List the prime factors of 681761034.
2, 3, 37875613
What are the prime factors of 69423865?
5, 7, 41, 101, 479
List the prime factors of 1416277965.
3, 5, 41, 127, 18133
List the prime factors of 82051447.
113, 587, 1237
What are the prime factors of 269797379?
12917, 20887
List the prime factors of 449473326.
2, 3, 74912221
What are the prime factors of 235241499?
3, 78413833
List the prime factors of 30098884.
2, 7524721
What are the prime factors of 245041853?
7, 35005979
What are the prime factors of 222698967?
3, 37, 2006297
List the prime factors of 141635871.
3, 13, 134507
List the prime factors of 179302791.
3, 17, 19, 31, 47, 127
What are the prime factors of 122159612?
2, 137, 222919
What are the prime factors of 482979463?
37, 103, 126733
List the prime factors of 1707310085.
5, 13, 17, 163, 9479
List the prime factors of 50978257.
11, 17, 131, 2081
List the prime factors of 28062845.
5, 5612569
What are the prime factors of 65505349?
7, 13, 719839
List the prime factors of 680360065.
5, 7, 11, 811, 2179
What are the prime factors of 908393?
31, 29303
What are the prime factors of 369522211?
369522211
List the prime factors of 78824357.
78824357
List the prime factors of 4888606288.
2, 1231, 248203
List the prime factors of 21610841.
7, 317, 9739
List the prime factors of 105044179.
19, 5528641
What are the prime factors of 1512302181?
3, 13, 887, 43717
What are the prime factors of 344935514?
2, 7, 11, 109, 20549
What are the prime factors of 36596246?
2, 18298123
List the prime factors of 357131255.
5, 13, 2341, 2347
List the prime factors of 12070711.
12070711
List the prime factors of 465379419.
3, 155126473
What are the prime factors of 562113218?
2, 109, 311, 8291
What are the prime factors of 25550226?
2, 3, 13, 137, 797
What are the prime factors of 4807815577?
17, 181, 1201, 1301
What are the prime factors of 5891734923?
3, 37, 53078693
What are the prime factors of 15029899?
53, 283583
List the prime factors of 5274176.
2, 23, 3583
What are the prime factors of 1383638177?
17, 3923, 20747
What are the prime factors of 80657858?
2, 103, 151, 2593
What are the prime factors of 2363727067?
13, 181825159
What are the prime factors of 17055453?
3, 53, 67, 1601
What are the prime factors of 5350952416?
2, 167217263
List the prime factors of 1688146039.
1688146039
List the prime factors of 1818566327.
67, 1259, 21559
List the prime factors of 53680744.
2, 13, 516161
List the prime factors of 87501856.
2, 13, 17, 12373
What are the prime factors of 81545913?
3, 3020219
List the prime factors of 55321777.
7, 89, 88799
What are the prime factors of 184900538?
2, 47, 1967027
List the prime factors of 459296789.
7, 65613827
List the prime factors of 3134244066.
2, 3, 17, 19, 157, 10301
List the prime factors of 457620911.
11, 191, 19801
What are the prime factors of 62042484?
2, 3, 7, 29, 25469
What are the prime factors of 70756485?
3, 5, 4717099
What are the prime factors of 31937309?
19, 88469
List the prime factors of 166947062.
2, 139, 600529
List the prime factors of 340617135.
3, 5, 41, 553849
What are the prime factors of 2861582243?
13, 193, 701, 1627
What are the prime factors of 441778585?
5, 53, 113, 14753
What are the prime factors of 99478563?
3, 33159521
What are the prime factors of 226765133?
7, 19, 1705001
List the prime factors of 261146852.
2, 31, 47, 44809
What are the prime factors of 7883372016?
2, 3, 13, 4211203
What are the prime factors of 3176117732?
2, 794029433
List the prime factors of 436204488.
2, 3, 2017, 9011
List the prime factors of 1005585542.
2, 13, 457, 84631
What are the prime factors of 134034293?
83, 1614871
What are th